 r = -i - 1. Let l be (-1)/i + (-5)/(100/(-13756)). Suppose -4*b = -3*j - 617, 5*j = 5*b - l - 87. What is the units digit of b?
2
Let i(v) = -v**3 + 19*v**2 - 13*v - 40. Let g be i(19). Let b = g - -589. What is the hundreds digit of b?
3
Let o(g) be the second derivative of 3*g + 0*g**2 + 2/3*g**3 + 1/20*g**5 + 11/12*g**4 + 0. What is the tens digit of o(-5)?
3
Let j = -739 + -21877. What is the tens digit of j/(-14) + (-11 - (-740)/70)?
1
Let d be 6 + -3 + 0/(-3). Suppose 338 = -3*z + z - d*q, 0 = -q. Let p = z - -251. What is the tens digit of p?
8
Let x(d) = -d**3 + 13*d**2 + 19*d - 14. Let r = -9 - -94. Suppose -7 = 6*f - r. What is the tens digit of x(f)?
3
Let s(x) = -305*x - 482. What is the hundreds digit of s(-13)?
4
Let b(l) = 9*l - 11. Let h(k) = -k**3 + 13*k**2 - 12*k. Let g be h(12). Let z(y) = -y**3 - y**2 - y + 5. Let v be z(g). What is the tens digit of b(v)?
3
Suppose 3*p = 9*p + 30. Let w(h) be the third derivative of h**5/12 + h**4/8 - 3*h**3/2 - 3*h**2. What is the tens digit of w(p)?
0
Suppose 3*t = 18, -4*t + 151804 = -c + 5*c. What is the units digit of c?
5
Suppose -8 = f - 11, 5*o + 2*f = 41. Let x(b) = 3*b**2 - 2*b. Let k(n) = 11*n**2 - 7*n. Let m(l) = -2*k(l) + 9*x(l). What is the units digit of m(o)?
7
Suppose -i - 96*s = -93*s - 14410, s - 28845 = -2*i. What is the ten thousands digit of i?
1
Let z = 12 + -8. Suppose 28 = z*y - 4*o, -5*y + o + 11 = 4*o. Let f = 47 - y. What is the tens digit of f?
4
What is the units digit of (1/2 - -4)/((-534305)/133580 - -4)?
4
Let s be (-6)/(-4) + (-2167)/(-22). Suppose 114*p = 110*p + 284. Let d = s - p. What is the tens digit of d?
2
Let h(a) = -a**3 + 10*a**2 + 42*a + 19. Let w be h(13). Let j = w + 153. What is the hundreds digit of j?
2
Let k(p) = -34443*p**3 - p**2 - 104*p - 103. What is the tens digit of k(-1)?
4
Let u(h) = -428*h**3 + 2*h**2 - 9. What is the thousands digit of u(-3)?
1
Suppose 42*u - 53132 + 11510 - 96516 = 0. What is the hundreds digit of u?
2
Let k(h) = 49*h**2 + 11*h - 41. Let d(f) = 50*f**2 + 4*f - 41. Let s(i) = 3*d(i) - 2*k(i). What is the tens digit of s(-5)?
0
What is the tens digit of 5 + 13124 + (23 - 33)?
1
Let t(i) = 49*i**2 - 35*i + 142. What is the units digit of t(13)?
8
Let m = -69 - -82. Let f(j) = -j**2 + 6*j + 17. Let x be f(m). Let l = x + 112. What is the tens digit of l?
3
What is the thousands digit of 4 - (59/(-118) - ((-212682)/(-4) + -1))?
3
Suppose -5*k - 5*p + 39115 = 0, 0 = -5*k - 32*p + 29*p + 39111. What is the units digit of k?
1
Let z(a) = 207*a - 1. Let x(g) = 2*g + 2. Let t be x(14). Let d = 31 - t. What is the tens digit of z(d)?
0
Let j be ((-2)/(-3))/(3 + (-7609)/2541). Let v = j - 121. What is the tens digit of -2*(153/(-6) - (v + -4))?
4
Suppose -4*h = -3*p - 23, 2*h + 4*p + 16 = -0*p. Suppose 359 = 7*r + h. Let a = -49 + r. What is the units digit of a?
2
Let l = 14320 - 9250. What is the tens digit of l?
7
Let t = -190 - -215. Let q(l) = -l**2 + 25*l + 134. What is the units digit of q(t)?
4
Suppose 0 = 3*g + 2*w - 4, -6 = w - 4*w. Suppose -2*h = 4*d + 100, -d + 239 = -5*h - g*h. Let j = -43 - h. What is the units digit of j?
5
Let j = 306 + -303. Suppose -5*o + 4*s = -3269, 2*o + 649 = j*o - 2*s. What is the tens digit of o?
5
Let p = 301 - -496. Let z = 1293 - p. What is the tens digit of z?
9
Suppose -3*f + 12 = -5*b + 5, 5 = -3*b + f. Let w(g) = 151*g + 9. Let j be w(b). Let q = -181 - j. What is the hundreds digit of q?
1
Let n be 1725/(-12) - (-2)/(-8). Let y be (n/64)/((-3)/104). Suppose 26 = -c + y. What is the tens digit of c?
5
Suppose -55*j + 70*j - 30 = 0. Suppose -4*m = -j*m - 1178. What is the units digit of m?
9
What is the units digit of (-1)/2*6*(-33125)/15?
5
Let t = 467 - -1457. What is the thousands digit of t?
1
Suppose -q - 13 - 5 = -r, 4*q = -3*r - 51. Let v be 274 + 0 + 5/(q/6). Let w = v + -147. What is the units digit of w?
5
Suppose -2*k + a = -64, -38 = -k + 2*a - 0*a. Suppose k = -3*h + 36. What is the units digit of 7 + (-2)/(4/h)?
6
Let j(u) be the third derivative of -u**6/120 + 2*u**5/15 - u**4/24 + 5*u**3/6 + u**2. Let r be j(8). What is the tens digit of -4*(r + (-70)/4)?
8
Let z = 19 + -13. Let x(a) = 21*a + 19. Let o be x(z). Suppose 2*n - 155 = -5*s, o = 5*s + n + 3*n. What is the units digit of s?
3
Suppose 3*g = -w - 2650, -3*g - 19*w = -17*w + 2651. Let u = g + 2110. What is the thousands digit of u?
1
Let x(a) be the third derivative of -a**4/24 + 4*a**3 + 5*a**2. Let q be x(0). Suppose q = -5*h + 8*h. What is the units digit of h?
8
What is the tens digit of (-14)/(-4) + (-85692)/(-24)?
7
Let f(q) = 5*q**2 + 12*q + 24. Let c be f(-3). What is the hundreds digit of ((-18)/(-10))/(c/4730)?
2
Suppose -5*k - 4*u = 4857, -3*k - 2491 - 432 = -2*u. Let c = 2052 + k. What is the tens digit of c?
7
What is the hundreds digit of (15/(-165) - 21/132) + (-1682)/(-8)?
2
What is the units digit of 435/116 + (-7954)/(-8)?
8
Let p = 47 + 240. Suppose n - p + 65 = 3*h, 3*h = 15. What is the hundreds digit of n?
2
Let y = -13 + 13. Suppose -3*x - 2*m = -44, y*x = -5*x - 3*m + 73. Suppose -w + x = -53. What is the tens digit of w?
6
Let m(t) be the third derivative of -t**6/120 - t**5/10 + 3*t**4/4 - 7*t**3/3 + 33*t**2 - 2*t. What is the hundreds digit of m(-10)?
2
Suppose -139339 = -3*f - 40*w + 39*w, -4*f + w + 185790 = 0. What is the thousands digit of f?
6
Let q = 22538 - 4043. What is the hundreds digit of q?
4
Let j = 383 - 663. What is the tens digit of (j/(-12))/(-1 - (-94)/90)?
2
Let a(p) = 191*p - 12666. What is the units digit of a(67)?
1
Let k(w) = -52*w + 52. Let s be k(10). Let b = -230 - s. What is the units digit of b?
8
Suppose -55 = -18*s - 1. Suppose 3*x - s*f = -x + 288, 3*f + 213 = 3*x. What is the units digit of x?
5
Let n(y) = -y**2 - 11*y + 12. Let b be n(-12). Let l(m) = m**2 - m**3 - 5 - 11*m + b - 2*m**2. What is the units digit of l(-4)?
7
Let g be ((-57456)/210)/(6/(-20)). Let q = g + -285. What is the units digit of q?
7
Suppose 9*d + 800 = -622. Let i = -60 - d. What is the tens digit of i?
9
Suppose 3*j - 2*o + 9120 = 6*j, 5*j - 15200 = -2*o. Suppose 0*f = 10*f - j. What is the hundreds digit of f?
3
Let s be 5169*(-4)/14 - (-6)/(-42). Let v = 2430 + s. What is the hundreds digit of v?
9
What is the units digit of (-2*4431/(-9))/((-38)/(-2223))?
3
Let f be (-4)/(-22) - 1863/(-99). Suppose f*a = 18*a + 313. What is the units digit of a?
3
Let n(f) = -549*f + 2358. What is the thousands digit of n(-14)?
0
Let g(b) = b**2 - 17*b + 46. Let d be g(14). Suppose d*l = -5*p + 2494, -p + 0*p = -2*l - 496. What is the hundreds digit of p?
4
Suppose -3*q + 15 = 0, 17*b + 14599 = 21*b + 3*q. What is the units digit of b?
6
Suppose -2*b = 8*d - 6*d - 62518, 3*d - 93741 = 3*b. What is the units digit of d?
3
Let n(z) = -246*z - 738. Let b be n(-3). Let l = 6 + -2. Suppose b*w = 3*w - l*u - 336, 0 = 2*u - 6. What is the units digit of w?
6
Suppose 4*u + 2*r = -60, -u - 75 = 4*u + 3*r. Let y be -2 + 2/((-6)/u). Suppose y*l - 399 = -4*l. What is the tens digit of l?
5
Suppose -113*z - 4*f + 35228 = -109*z, f - 3 = 0. What is the hundreds digit of z?
8
Suppose -6 = 236*a - 237*a. What is the tens digit of (12708/(-27) + 6)/((-4)/a)?
9
Suppose 3*d + 59 = -28. Let j(u) = u - 8. Let o be j(31). Let z = o - d. What is the units digit of z?
2
Suppose 0 = -20*l + 11*l + 51282. What is the units digit of l?
8
Let z = -29331 + 49153. What is the tens digit of z?
2
Let o be 4 + -972 - (5 - 8). Let z = o - -1982. What is the hundreds digit of z?
0
Suppose -3*w + 5*s = -25820, 198*w + s = 203*w - 43048. What is the hundreds digit of w?
6
Let r be (-33323)/(-141) - (20/6 - (-9)/(-3)). Let k be 1/(-1)*1 + 339. Let z = k - r. What is the hundreds digit of z?
1
Suppose -3*d = 3*l - 27462, 0 = -131*l + 133*l - 3*d - 18318. What is the thousands digit of l?
9
Let o(f) = 2508*f**3 + f**2 - 1. Let u be o(-1). What is the tens digit of (-2)/6 - u/18?
3
Let w(c) be the first derivative of 2*c**2 - 25*c - 21. Suppose -20 = h - 4*h - b, -36 = -5*h + b. What is the units digit of w(h)?
3
Suppose 3*w = 3*i - 12105, -5*i + 3*w = -8287 - 11902. What is the units digit of i?
2
Let x = 5513 + 1514. What is the hundreds digit of x?
0
Let t = 33 + -29. Let y be 23*(t + -6 - -58). What is the tens di